ite number?
False
Is 134115986 a composite number?
True
Is 241858065569 a composite number?
True
Is 814449677 a composite number?
True
Is 68718575113 prime?
True
Is 843837717 a composite number?
True
Is 3882185951 composite?
True
Is 13914809877 a composite number?
True
Is 61840549223 prime?
False
Is 2666560823 composite?
True
Is 1794736613 a composite number?
True
Is 49103203319 composite?
False
Is 6541116313 composite?
False
Is 108665527 prime?
False
Is 2135341777 a composite number?
False
Is 20608674511 a composite number?
True
Is 3763915811 composite?
False
Is 4707212527 prime?
True
Is 6086314123 a prime number?
True
Is 114955055147 prime?
False
Is 3536706661 a prime number?
False
Is 504479587 composite?
False
Is 1755225107 composite?
False
Is 542159537 composite?
True
Is 1258313447 prime?
True
Is 182969743337 a prime number?
False
Is 1962200287 prime?
False
Is 8052265997 a prime number?
True
Is 179316433 a prime number?
False
Is 6340783231 prime?
True
Is 9482852569 prime?
False
Is 6549042881 a composite number?
False
Is 906176867 a prime number?
True
Is 2208721313 composite?
False
Is 534708409 prime?
False
Is 107813045 a composite number?
True
Is 12102127 a prime number?
True
Is 16512471353 a composite number?
True
Is 267852032281 a prime number?
False
Is 28081894069 a composite number?
True
Is 3631295845 a composite number?
True
Is 431703442 prime?
False
Is 66222945527 composite?
True
Is 39276072659 a prime number?
False
Is 1378795813 a prime number?
False
Is 17008771238 prime?
False
Is 76045687 composite?
False
Is 1510775797 a prime number?
True
Is 5214595889 composite?
False
Is 55595242537 prime?
True
Is 71032128655 composite?
True
Is 3705247921 a composite number?
True
Is 11653375189 prime?
True
Is 6348570841 composite?
False
Is 7084447871 prime?
True
Is 1905455839 composite?
True
Is 2409335369 prime?
False
Is 10117029463 a composite number?
True
Is 46360805161 composite?
True
Is 5264671403 a composite number?
False
Is 12438886685 prime?
False
Is 208391966 composite?
True
Is 346803601 prime?
False
Is 386446909 prime?
False
Is 45571324769 a composite number?
False
Is 111899177 composite?
True
Is 2200883609 prime?
True
Is 2236095271 composite?
False
Is 408659509 a prime number?
False
Is 171832967893 prime?
True
Is 25537683869 a composite number?
False
Is 759098533 a composite number?
True
Is 86507137 prime?
False
Is 1924989653 composite?
False
Is 142086527029 prime?
False
Is 427361003 prime?
True
Is 2051370547 a composite number?
False
Is 159327538483 prime?
False
Is 175933105 composite?
True
Is 227931919 a prime number?
False
Is 3158333029 a prime number?
False
Is 2845100431 composite?
False
Is 1190556331 a prime number?
False
Is 44720163143 a composite number?
True
Is 228269573 a prime number?
False
Is 569677811 a composite number?
True
Is 2720497855 a prime number?
False
Is 180702328913 composite?
False
Is 4392543041 composite?
False
Is 2712133421 a prime number?
True
Is 1980303211 a composite number?
True
Is 11832062927 a composite number?
False
Is 14987941503 composite?
True
Is 81085777543 composite?
True
Is 44933088989 a composite number?
True
Is 399607147 a composite number?
False
Is 15275371102 a prime number?
False
Is 13511855373 a composite number?
True
Is 330508517 prime?
False
Is 359540227 a prime number?
False
Is 1811478013 a prime number?
False
Is 241402427 a composite number?
True
Is 5142281447 a composite number?
True
Is 3311719639 composite?
False
Is 15599663741 composite?
False
Is 17323912477 a prime number?
False
Is 42801207 prime?
False
Is 11437210963 prime?
True
Is 47496851 a composite number?
True
Is 112147991 composite?
False
Is 9552071847 prime?
False
Is 137594433 a prime number?
False
Is 515737633 a prime number?
False
Is 13195574521 a composite number?
True
Is 3201444089 composite?
True
Is 1558646431 a prime number?
False
Is 4684567501 prime?
True
Is 16209112787 composite?
True
Is 30591048757 composite?
False
Is 61367646863 prime?
False
Is 4614259651 a composite number?
False
Is 935859355 a prime number?
False
Is 813507271 a composite number?
True
Is 123278818121 a composite number?
False
Is 66732367759 composite?
True
Is 10866819373 prime?
False
Is 1832647273 prime?
True
Is 1108272061 a composite number?
True
Is 306505902617 a composite number?
False
Is 7338581797 a prime number?
False
Is 7773529957 a composite number?
True
Is 4038730339 a composite number?
True
Is 3657090587 a composite number?
True
Is 2982406873 a composite number?
False
Is 139386899 a prime number?
True
Is 4593750203 prime?
False
Is 150621622993 composite?
False
Is 117107383 composite?
False
Is 13671913037 composite?
False
Is 911699983 a prime number?
False
Is 4604725571 a prime number?
True
Is 4334621593 prime?
False
Is 179164435 composite?
True
Is 19661227273 prime?
True
Is 20570591233 composite?
True
Is 36633288179 composite?
False
Is 1905383999 composite?
False
Is 15073072327 a prime number?
True
Is 4479487897 a prime number?
True
Is 104865574861 prime?
True
Is 729621097 composite?
True
Is 7740593591 a composite number?
True
Is 10894493 a composite number?
False
Is 306944629 a prime number?
True
Is 65987211265 prime?
False
Is 6612824567 prime?
False
Is 546120557 a prime number?
True
Is 18498392771 composite?
False
Is 136242122829 prime?
False
Is 1289884087 a composite number?
False
Is 501744317 prime?
False
Is 28156933919 a prime number?
True
Is 3033559369 a composite number?
False
Is 1104092313 composite?
True
Is 21455614907 composite?
True
Is 14014699 a prime number?
True
Is 204719891 composite?
True
Is 7541906291 prime?
False
Is 2595122689 a prime number?
True
Is 1265742391 prime?
False
Is 2562855959 a prime number?
True
Is 16279303 a prime number?
True
Is 15333449003 a prime number?
False
Is 1925419138 a prime number?
False
Is 4157362379 a composite number?
True
Is 1287455503 prime?
False
Is 144450945383 prime?
True
Is 238184053 prime?
False
Is 6841020083 a composite number?
True
Is 290608049 a prime number?
False
Is 5307347699 composite?
False
Is 496174969 a composite number?
True
Is 10715604349 a composite number?
True
Is 187331227 prime?
False
Is 1945039235 composite?
True
Is 153962531 prime?
True
Is 61129802905 a composite number?
True
Is 523980211 prime?
True
Is 27523121207 a prime number?
False
Is 1923930611 a prime number?
False
Is 3899586781 composite?
True
Is 1305220907 a prime number?
False
Is 2023440539 prime?
True
Is 1682707699 a prime number?
False
Is 40904791381 a composite number?
True
Is 22503232879 a prime number?
True
Is 574566581 a composite number?
True
Is 1768369409 prime?
True
Is 8261582807 composite?
False
Is 270470489 prime?
True
Is 61807330973 prime?
True
Is 25158148727 a prime number?
True
Is 131075337137 a prime number?
False
Is 1659237079 a prime number?
False
Is 5331482426 prime?
False
Is 6912658913 composite?
True
Is 8672599517 composite?
True
Is 656542241 prime?
True
Is 5070474481 composite?
True
Is 1074625891 composite?
True
Is 3901954577 a prime number?
False
Is 136113473945 prime?
False
Is 17595377 composite?
True
Is 5888902511 a composite number?
False
Is 138601583311 composite?
False
Is 12907642087 prime?
False
Is 10901143949 composite?
True
Is 11600531299 a prime number?
False
Is 1295670443 composite?
True
Is 495035197 prime?
False
Is 4427529749 prime?
True
Is 33021233317 a composite number?
False
Is 1467305813 a prime number?
False
Is 1523442719 a composite number?
True
Is 198751643 a composite number?
True
Is 14374049647 a prime number?
True
Is 8922468803 a composite number?
True
Is 10300777453 prime?
True
Is 24280635921 a prime number?
False
Is 145961906677 a prime number?
True
Is 4514178491 prime?
False
Is 1495895033 composite?
False
Is 3185218705 a composite number?
True
Is 886943531 composite?
False
Is 13426807883 a prime number?
False
Is 35692151281 prime?
True
Is 39554862341 a prime number?
True
Is 3858961765 a composite number?
True
Is 157718418191 prime?
True
Is 9388906729 a composite number?
True
Is 92283095417 a prime number?
True
Is 49110923119 a prime number?
False
Is 274123789 prime?
True
Is 6000452531 a composite number?
True
Is 403983781 a prime number?
False
Is 2448242971 prime?
False
Is 3475955509 a composite number?
True
Is 38038403 a composite number?
True
Is 408667439 pr